41042 and 3146.
26
Calculate the highest common factor of 98 and 127520078.
14
Calculate the highest common factor of 56733501 and 22.
11
What is the highest common factor of 10422 and 15519516?
1158
What is the greatest common factor of 6897 and 1848?
33
What is the greatest common divisor of 188694 and 2047044?
5718
What is the greatest common divisor of 119613992 and 8?
8
Calculate the greatest common factor of 750 and 1866120.
30
What is the highest common factor of 88 and 27689596?
44
What is the greatest common factor of 182 and 22063626?
26
What is the greatest common divisor of 1881 and 32274?
99
Calculate the highest common divisor of 3114 and 503949.
519
Calculate the highest common divisor of 61119030 and 15.
15
Calculate the greatest common divisor of 9987266 and 688.
86
What is the highest common divisor of 453829512 and 14952?
2136
What is the greatest common factor of 100764426 and 966?
966
Calculate the greatest common factor of 3209 and 30789.
1
Calculate the highest common divisor of 15942528 and 64.
64
What is the greatest common factor of 47567 and 52224907?
3659
What is the greatest common divisor of 374 and 2743103?
187
Calculate the highest common divisor of 628502400 and 4500.
900
What is the highest common factor of 4721301 and 99333?
351
What is the greatest common divisor of 187929298 and 872?
218
What is the greatest common divisor of 136898816 and 679?
97
What is the highest common factor of 469137 and 229917?
1329
Calculate the highest common factor of 777510 and 1185.
15
What is the greatest common factor of 2876127 and 1752?
219
What is the highest common divisor of 5433681 and 14421?
759
Calculate the greatest common factor of 727 and 456761014.
727
What is the greatest common factor of 627 and 43984468?
209
What is the greatest common factor of 67256465 and 26535?
305
What is the greatest common factor of 976056 and 1582?
2
What is the greatest common factor of 52400 and 12120?
40
What is the greatest common divisor of 495840 and 35820?
60
What is the highest common divisor of 17516 and 357280?
116
What is the highest common divisor of 355398398 and 346?
346
Calculate the greatest common factor of 1392 and 16623177.
87
Calculate the greatest common divisor of 384258701 and 19261.
1751
What is the highest common divisor of 730 and 608350?
10
What is the greatest common divisor of 373 and 90399534?
373
What is the highest common factor of 782397 and 194733?
693
What is the greatest common divisor of 43342077 and 36?
3
What is the greatest common factor of 112489347 and 18531?
6177
Calculate the highest common divisor of 1 and 168801.
1
Calculate the greatest common factor of 117 and 236678.
13
What is the highest common factor of 1450432692 and 36?
36
What is the highest common factor of 546 and 212751812?
182
Calculate the greatest common factor of 312542 and 332351.
2201
What is the highest common divisor of 50663 and 910187?
1747
Calculate the highest common factor of 51946 and 8474.
38
What is the highest common factor of 11430 and 7322058?
2286
Calculate the highest common factor of 501 and 37412843.
167
Calculate the highest common divisor of 24088 and 30913937.
3011
Calculate the greatest common factor of 32 and 48669416.
8
Calculate the greatest common divisor of 101721 and 363053.
827
What is the highest common divisor of 13279 and 15873283?
271
What is the highest common divisor of 627792 and 8481?
33
What is the highest common factor of 4295463 and 9262?
421
What is the greatest common factor of 140018664 and 2?
2
What is the greatest common factor of 351636 and 11760?
12
Calculate the highest common factor of 45 and 6980635.
5
What is the greatest common divisor of 2900070 and 1150?
230
What is the highest common factor of 1350 and 9557775?
225
What is the highest common divisor of 3783150 and 1226925?
1575
What is the highest common factor of 20142473 and 461?
461
Calculate the highest common divisor of 2884 and 36927268.
28
What is the greatest common factor of 7404887 and 100450?
287
What is the highest common factor of 1461948 and 116?
116
Calculate the greatest common divisor of 6381311 and 13628.
3407
Calculate the greatest common divisor of 6680890 and 320.
10
Calculate the greatest common divisor of 2220 and 2473635.
555
What is the greatest common factor of 15841540 and 220?
220
What is the highest common divisor of 92 and 56227188?
4
What is the highest common factor of 1222841 and 12719?
1817
What is the highest common factor of 243705 and 26565?
1155
Calculate the greatest common divisor of 9986621 and 2439.
271
Calculate the highest common factor of 295828 and 14092.
52
Calculate the greatest common divisor of 23365137 and 298.
149
Calculate the greatest common factor of 71229396 and 231.
21
Calculate the greatest common factor of 713062 and 583.
53
Calculate the highest common divisor of 13090714 and 376559.
4231
Calculate the greatest common factor of 768 and 3494742.
6
Calculate the highest common divisor of 29682 and 39066.
102
What is the greatest common factor of 402 and 187191903?
201
Calculate the greatest common factor of 3394004 and 813.
271
Calculate the greatest common divisor of 27 and 79259.
1
Calculate the highest common factor of 8223 and 17961.
3
Calculate the highest common factor of 9064825 and 7480.
935
Calculate the highest common divisor of 27 and 40763259.
9
What is the highest common divisor of 1821430110 and 1940?
970
Calculate the greatest common divisor of 960 and 19630880.
160
What is the greatest common factor of 3943907 and 179?
179
Calculate the greatest common factor of 144412858 and 141.
47
What is the highest common factor of 12311 and 1656499?
13
Calculate the greatest common divisor of 1906 and 52489334.
1906
What is the greatest common factor of 17143 and 24062696?
217
What is the highest common divisor of 679179 and 10653?
201
What is the highest common divisor of 732 and 2038986?
366
Calculate the highest common factor of 1632 and 2322472.
136
What is the greatest common divisor of 100 and 55059075?
25
Calculate the highest common divisor of 4062383 and 10972.
2743
What is the greatest common factor of 51205192 and 72?
8
What is the greatest common divisor of 15546906 and 90?
18
What is the greatest common factor of 147750 and 1239918?
1182
Calculate the greatest common divisor of 225267 and 9401.
119
Calculate the highest common factor of 1805 and 4145363.
361
Calculate the highest common factor of 1828240 and 270.
10
Calculate the highest common divisor of 498600 and 600.
600
Calculate the highest common divisor of 10887513 and 117.
39
What is the highest common divisor of 45 and 6896790?
45
What is the highest common divisor of 266 and 18677764?
14
Calculate the greatest common factor of 490 and 16773190.
490
Calculate the greatest common factor of 897150851 and 61.
61
Calculate the highest common divisor of 20 and 709030.
10
What is the highest common factor of 307446282 and 390?
78
Calculate the greatest common divisor of 370359664 and 16.
16
Calculate the highest common factor of 10292601 and 363.
33
Calculate the highest common factor of 69144 and 1575907.
2881
Calculate the greatest common divisor of 79955517 and 1524.
381
What is the highest common divisor of 6930098 and 168?
14
Calculate the highest common divisor of 225063 and 600984.
153
Calculate the greatest common factor of 5632 and 20018944.
2816
What is the greatest common divisor of 31178 and 196672?
14
Calculate the highest common divisor of 1730 and 155909330.
1730
Calculate the highest common divisor of 1391541783 and 34.
17
Calculate the greatest common divisor of 27300 and 5061.
21
What is the highest common divisor of 545 and 21483355?
545
What is the greatest common divisor of 3158231 and 6296?
787
What is the greatest common factor of 4104 and 36989352?
4104
What is the greatest common factor of 27758 and 1978?
2
What is the greatest common factor of 116436510 and 90?
90
Calculate the greatest common divisor of 3291389 and 57.
19
Calculate the highest common factor of 134875609 and 902.
451
Calculate the highest common divisor of 24108 and 1721958.
294
Calculate the greatest common factor of 52422226 and 2062.
2062
What is the greatest common divisor of 1326 and 204676